{"id":178,"date":"2022-12-14T14:31:11","date_gmt":"2022-12-14T14:31:11","guid":{"rendered":"https:\/\/silpalab.it\/?page_id=178"},"modified":"2022-12-14T14:31:11","modified_gmt":"2022-12-14T14:31:11","slug":"documenti-assemblea-silpa-roma-08-06-2017","status":"publish","type":"page","link":"https:\/\/silpalab.it\/?page_id=178","title":{"rendered":"Documenti Assemblea SILPA Roma 08.06.2017"},"content":{"rendered":"\n<p><\/p>\n\n\n\n<h4 class=\"wp-block-heading\"><a href=\"http:\/\/www.silpalab.it\/wp-content\/uploads\/2017\/07\/canfora_silpa_2017.pdf\">01 &#8211; Presentazione Dott.ssa Loreda Canfora &#8211; Fertilit\u00e0 e biodiversit\u00e0 microbica del suolo<\/a><\/h4>\n\n\n\n<h4 class=\"wp-block-heading\"><a href=\"http:\/\/www.silpalab.it\/wp-content\/uploads\/2017\/07\/presentazione_agribioeco.pdf\">02 &#8211; Presentazione Dott. Mauro Uniformi &#8211; Attivit\u00e0 di Agribioeco in materia di analisi per l&#8217;agricoltura<\/a><\/h4>\n\n\n\n<h4 class=\"wp-block-heading\"><a href=\"http:\/\/www.silpalab.it\/wp-content\/uploads\/2017\/07\/presentazione_trinchera.pdf\">03 &#8211; Presentazione Dott.ssa Alessandra Trinchera &#8211; Studio ultrastrutturale degli effetti sugli apparati ipo ed epigei della pianta in risposta ad approcci egronomici ecosostenibili<\/a><\/h4>\n\n\n\n<h4 class=\"wp-block-heading\"><a href=\"http:\/\/www.silpalab.it\/wp-content\/uploads\/2017\/07\/progetto_carta_pedologica.pdf\">04 &#8211; Progetto Carta Pedologica dei suoli Regione Lazio &#8211; Dott. Cruciani<\/a><\/h4>\n","protected":false},"excerpt":{"rendered":"<p>01 &#8211; Presentazione Dott.ssa Loreda Canfora &#8211; Fertilit\u00e0 e biodiversit\u00e0 microbica del suolo 02 &#8211; Presentazione Dott. Mauro Uniformi &#8211; Attivit\u00e0 di Agribioeco in materia&#8230;<\/p>\n<div class=\"more-link-wrapper\"><a class=\"more-link\" href=\"https:\/\/silpalab.it\/?page_id=178\">Continua a leggere<span class=\"screen-reader-text\">Documenti Assemblea SILPA Roma 08.06.2017<\/span><\/a><\/div>\n","protected":false},"author":1,"featured_media":0,"parent":22,"menu_order":0,"comment_status":"closed","ping_status":"closed","template":"","meta":{"footnotes":""},"class_list":["post-178","page","type-page","status-publish","hentry","entry"],"_links":{"self":[{"href":"https:\/\/silpalab.it\/index.php?rest_route=\/wp\/v2\/pages\/178","targetHints":{"allow":["GET"]}}],"collection":[{"href":"https:\/\/silpalab.it\/index.php?rest_route=\/wp\/v2\/pages"}],"about":[{"href":"https:\/\/silpalab.it\/index.php?rest_route=\/wp\/v2\/types\/page"}],"author":[{"embeddable":true,"href":"https:\/\/silpalab.it\/index.php?rest_route=\/wp\/v2\/users\/1"}],"replies":[{"embeddable":true,"href":"https:\/\/silpalab.it\/index.php?rest_route=%2Fwp%2Fv2%2Fcomments&post=178"}],"version-history":[{"count":1,"href":"https:\/\/silpalab.it\/index.php?rest_route=\/wp\/v2\/pages\/178\/revisions"}],"predecessor-version":[{"id":179,"href":"https:\/\/silpalab.it\/index.php?rest_route=\/wp\/v2\/pages\/178\/revisions\/179"}],"up":[{"embeddable":true,"href":"https:\/\/silpalab.it\/index.php?rest_route=\/wp\/v2\/pages\/22"}],"wp:attachment":[{"href":"https:\/\/silpalab.it\/index.php?rest_route=%2Fwp%2Fv2%2Fmedia&parent=178"}],"curies":[{"name":"wp","href":"https:\/\/api.w.org\/{rel}","templated":true}]}}